 720. Determine x(-20).
0
Let u(a) = 80*a + 3393. What is u(-41)?
113
Let f(b) = -2*b**3 + 3*b**2 + 76*b + 2. Calculate f(0).
2
Let p(h) = 242*h + 1420. Give p(-6).
-32
Let o(h) = -108*h**2 - 22356*h - 3. Determine o(-207).
-3
Let n(y) = 56*y - 1008. Determine n(18).
0
Let f(r) = -107*r - 2016. Determine f(-19).
17
Let s(l) = 3*l**2 + 69*l + 402. Give s(-8).
42
Let m(s) = -2*s**2 - 127*s - 1187. Calculate m(-10).
-117
Let y(i) = 130*i - 592. Calculate y(0).
-592
Let g(j) = -8*j**3 + 5*j**2 - 4*j - 1. Determine g(1).
-8
Let t(m) = -9*m**3 + 19*m**2 - 61*m - 6. Give t(3).
-261
Let k(i) = -i**2 + 54*i + 4. Determine k(54).
4
Let z(l) = -112*l + 11421. Determine z(102).
-3
Let m(b) = 49*b + 418. Calculate m(-10).
-72
Let v(c) = -116*c + 121. What is v(3)?
-227
Let j(b) = 3*b**2 + 46*b - 1176. Determine j(15).
189
Let j(x) = 144*x + 1262. What is j(-9)?
-34
Let g(i) = -93*i + 655. Determine g(7).
4
Let u(b) = 279*b + 1121. What is u(-4)?
5
Let t(m) = 2*m**2 - 26*m + 23. Determine t(12).
-1
Let g(p) = 12*p - 1857. Calculate g(26).
-1545
Let z(y) = -6*y**2 - 194*y + 108. Determine z(-33).
-24
Let t(y) = y**2 + 12*y - 637. Determine t(-28).
-189
Let o(z) = 106*z + 87. Give o(-1).
-19
Let s(o) = -o**3 + 15*o**2 + 34*o + 2. What is s(17)?
2
Let h(c) = c**2 + 21*c + 79. What is h(-19)?
41
Let j(y) = -y**3 - 118*y**2 + 32*y - 10295. Calculate j(-119).
58
Let l(n) = n**3 - 31*n + 71. Determine l(3).
5
Let b(j) = -j**2 + 119*j - 13. Determine b(0).
-13
Let m(w) = 169*w**2 + 29*w - 55. Calculate m(2).
679
Let r(l) = 3*l**3 - 3*l**2 - 26*l - 63. Calculate r(-3).
-93
Let d(g) = -15*g**2 - 4290*g - 4280. What is d(-285)?
-5
Let x(a) = -35*a + 111. Determine x(3).
6
Let n(h) = -h**3 + h**2 + 41*h - 122. Calculate n(-7).
-17
Let r(s) = 2011*s**2 + 6035*s + 4. Calculate r(-3).
-2
Let m(v) = v**2 + 20*v - 35. Calculate m(-17).
-86
Let c(m) = -7*m**3 - 2*m**2 - 4*m - 4. Calculate c(-1).
5
Let t(b) = -10*b - 134. What is t(22)?
-354
Let x(q) = 1042*q. What is x(0)?
0
Let c(k) = -k**2 - 24*k - 68. Determine c(-21).
-5
Let w(u) = u**2 - 8*u - 11. Calculate w(-1).
-2
Let v(w) = -6*w + 58. Determine v(9).
4
Let d(l) = l**2 - 89*l - 1103. Give d(-11).
-3
Let q(k) = -3*k**2 + 28*k + 23. Give q(10).
3
Let m(t) = -2*t**2 - 637*t + 1910. Give m(3).
-19
Let i(o) = -3*o**2 - 163*o - 325. Determine i(-50).
325
Let y(t) = t**3 - 7*t**2 - 10*t + 22. Calculate y(7).
-48
Let s(i) = -3*i**3 - 44*i**2 + 20*i + 58. Calculate s(-15).
-17
Let y(v) = -3*v**2 + 118*v + 1851. What is y(-12)?
3
Let t(d) = -d**3 - 7*d**2 - 1473*d - 8794. Give t(-6).
8
Let q(b) = -b**3 + 17*b**2 - 15*b - 26. Determine q(2).
4
Let n(g) = 8*g**2 + 316*g + 317. What is n(-1)?
9
Let m(h) = 368*h + 2561. What is m(-7)?
-15
Let u(d) = -d**3 + 22*d**2 + 36*d + 6. Calculate u(24).
-282
Let u(r) = -r**3 - 118*r**2 - 5*r - 598. Calculate u(-118).
-8
Let b(p) = 46*p - 154. Calculate b(15).
536
Let g(v) = -99*v + 694. Determine g(7).
1
Let l(g) = -g**2 - 74*g - 1276. Determine l(-27).
-7
Let i(g) = -4*g + 178. What is i(37)?
30
Let p(f) = -f**3 + 67*f**2 - 781*f + 66. Give p(52).
14
Let t(y) = 2*y**3 + 87*y**2 + 39*y - 177. What is t(-43)?
-5
Let a(c) = 33*c**2 + 1981*c + 106. Give a(-60).
46
Let d(q) = -5*q**2 + 68*q + 7. Give d(13).
46
Let r(s) = 20*s**2 + 293*s - 97. What is r(-15)?
8
Let a(c) = -377*c - 1136. Determine a(-3).
-5
Let g(c) = c**2 + 74*c + 1167. Determine g(-31).
-166
Let y(h) = -h**2 + 62*h - 383. Determine y(30).
577
Let i(s) = s**2 - 76*s - 469. What is i(80)?
-149
Let p(u) = -9*u**3 - 12*u**2 - 6*u - 6. Give p(-4).
402
Let d(n) = 152*n + 7762. What is d(-51)?
10
Let z(w) = 677*w + 12886. Determine z(-19).
23
Let h(b) = -b**3 + 64*b**2 + 15*b - 952. Determine h(64).
8
Let k(l) = -l**3 - 34*l**2 + 106*l - 197. Determine k(-37).
-12
Let h(f) = f**2 + 147*f - 1055. Calculate h(7).
23
Let t(u) = 2*u**3 + 93*u**2 + 1075*u - 54. Calculate t(-22).
12
Let a(q) = -70*q + 552. Give a(8).
-8
Let d(a) = 6*a**2 + 465*a + 241. Determine d(-77).
10
Let g(r) = -1221*r + 3614. Determine g(3).
-49
Let c(q) = -q**3 - 3*q**2 + 91*q + 7. Calculate c(-10).
-203
Let q(k) = 3*k**2 - 13*k - 148. Calculate q(-6).
38
Let v(l) = 76*l - 929. Determine v(12).
-17
Let n(c) = 7*c**2 + 569*c + 162. Give n(-81).
0
Let t(b) = 442*b + 1295. Calculate t(-3).
-31
Let i(u) = -50*u - 1407. Determine i(-28).
-7
Let j(h) = 2*h**2 - 4*h + 75. Calculate j(0).
75
Let d(j) = j**2 - 5*j + 4. What is d(-6)?
70
Let m(w) = -5*w**2 + 254*w + 46. What is m(51)?
-5
Let f(v) = -v**3 - v**2 - v + 22. Calculate f(6).
-236
Let n(o) = 508*o + 6599. Give n(-13).
-5
Let i(u) = 4*u**2 + 419*u + 1901. Calculate i(-100).
1
Let f(w) = 4*w**2 + 116*w + 685. Give f(-8).
13
Let k(r) = 2*r**3 - 15*r**2 + 19*r + 3. Give k(6).
9
Let y(l) = -2*l**2 + 757*l + 757. Give y(-1).
-2
Let c(x) = 4*x**3 + 170*x**2 + 78*x - 221. What is c(-42)?
31
Let t(z) = -355*z**2 + 39051*z - 108. What is t(110)?
2
Let y(t) = t**3 - 3*t**2 - 6*t + 30. What is y(-3)?
-6
Let u(l) = -28*l**2 - 211*l + 210. Give u(1).
-29
Let q(c) = -6*c**2 - 180*c - 9. Determine q(-32).
-393
Let q(v) = 10*v**3 + 37*v**2 - 3*v + 5. Give q(-4).
-31
Let k(s) = -s + 55. Calculate k(-98).
153
Let p(l) = 3*l**2 + 21*l - 267. What is p(-12)?
-87
Let d(k) = k**2 + 41*k + 35. Determine d(-52).
607
Let n(b) = -b**3 - 2*b**2 + 7*b - 200. What is n(0)?
-200
Let p(z) = -5*z**2 + 217*z - 292. What is p(42)?
2
Let h(u) = -396*u + 1984. Calculate h(7).
-788
Let w(b) = -3*b**2 - 122*b + 925. What is w(7)?
-76
Let g(n) = -n**2 - 41*n + 16. Determine g(-39).
94
Let a(b) = 8*b - 342. What is a(41)?
-14
Let i(z) = 2*z**2 - 64*z + 506. Give i(15).
-4
Let j(g) = -55*g + 319. Give j(6).
-11
Let h(v) = -v**3 + 11*v**2 - 21*v + 17. What is h(5)?
62
Let k(c) = -311*c + 920. Give k(3).
-13
Let v(p) = p**3 - 30*p**2 - 26*p - 144. Determine v(31).
11
Let i(x) = -x**2 - 14*x + 137. Determine i(7).
-10
Let p(z) = -8*z - 285. What is p(-40)?
35
Let p(k) = k**3 - 83*k**2 - 627*k - 6. What is p(-7)?
-27
Let i(j) = j**3 - 24*j**2 + 180*j - 438. Calculate i(13).
43
Let q(l) = 198*l - 1218. Determine q(6).
-30
Let r(c) = -7*c**2 + c + 29. Give r(3).
-31
Let f(u) = u**3 - 51*u**2 + 85*u - 1762. Give f(50).
-12
Let i(c) = -c**3 + 5*c**2 + 108*c - 74. Determine i(13).
-22
Let q(l) = 588*l - 2930. Determine q(5).
10
Let y(n) = 7*n - 50. What is y(22)?
104
Let v(b) = 277*b - 64265. Calculate v(232).
-1
Let o(d) = d**3 - 2*d**2 + 34*d + 348. Give o(-8).
-564
Let r(v) = 2*v**3 - 64*v**2 + 59*v + 113. Determine r(31).
20
Let l(m) = -m**3 + 101*m**2 - 292*m - 186. Calculate l(98).
10
Let g(x) = 491*x + 10798. What is g(-22)?
-4
Let h(x) = -3037*x - 42518. Determine h(-14).
0
Let q(i) = 4*i**3 + 73*i**2 + 14*i - 77. Calculate q(-18).
-5
Let y(q) = -12457*q + 74741. Calculate y(6).
-1
Let a(x) = x**2 + 220*x - 2546. What is a(11)?
-5
Let s(m) = 2*m**2 - 49*m + 262. Give s(7).
17
Let u(s) = -2*s**2 + 139*s - 767. What is u(6)?
-5
Let j(o) = 130*o + 198. Calculate j(-2).
-62
Let l(j) = -j**3 - 52*j**2 + j + 42. Calculate l(-52).
-10
Let u(l) = 4*l**2 + 200*l - 25. What is u(-46)?
-761
Let i(r) = -r**2 + 43*r - 300. Determine i(34).
6
Let l(s) = -4*s**2 - 299*s - 165. Determine l(-74).
57
Let p(w) = 2*w**2 + 7*w - 25. Determine p(6).
89
Let c(t) = -299*t + 313. Calculate c(1).
14
Let r(t) = 13*t**3 + 64*t**2 + 13*t + 32. What is r(-5)?
-58
Let x(p) = -p**3 + 33*p**2 - 89*p - 780. Calculate x(29).
3
Let w(z) = -z**2 - 69*z - 729. Give w(-53).
119
Let n(p) = -2*p**2 - 237*p + 1626. Calculate n(-125).
1
Let t(d) = 4*d**2 - 11*d - 120. Give t(-6).
90
Let d(o) = -5*o**2 + 105*o - 10. What is d(21)?
-10
Let b(l) = -l**3 - 13*l**2 + 25*l - 13. What is b(-14)?
-167
Let r(w) = -w**3 + 14*w**2 + 114*w - 1515. Determine r(15).
-30
Let s(j) = j**2 - 38*j - 1148. Determine s(58).
12
Let y(t) = -13*t - 74. What is y(-5)?
-9
Let p(a) = -a**2 - 80*a - 741. Determine p(-23).
570
Let z(v) = -2*v**2 - 4*v + 42. Determine z(11).
-244
Let v(c) = 2*c**2 - 72*c - 344. What is v(-5)?
66
Let v(d) = -4*d**2 + 521*d + 1524. Determine v(133).
61
Let k(t) = -13*t - 42. Determine k(3).
-81
Let b(k) = 5*k**2 + 15*k - 12. Give b(-6).
78
Let y(l) = 15*l - 177. Determine y(9).
-42
Let j(c) = c**3 + 110*c**2 - 39*c - 4311. What is j(-110)?
-21
Let q(r) = r**3 - 23*r**2 + 51*r - 626. Determine